{"id":18,"date":"2017-06-03T15:33:38","date_gmt":"2017-06-03T15:33:38","guid":{"rendered":"http:\/\/draussen-im-taunus.de\/?page_id=18"},"modified":"2017-09-16T10:49:02","modified_gmt":"2017-09-16T10:49:02","slug":"betriebliches-gesundheitsmanagement","status":"publish","type":"page","link":"http:\/\/draussen-im-taunus.de\/?page_id=18","title":{"rendered":"Betriebliches Gesundheitsmanagement"},"content":{"rendered":"<p>Ihr Unternehmen hat ein Lauftreff oder Sie planen die Teilnahme an einer Firmenlauf-Wettbewerb (z.B. JPMCC, Marathon-Staffeln), ich unterst\u00fctze Sie um Ihre Ziele zu erreichen:<\/p>\n<ul>\n<li>Laufanalyse<\/li>\n<li>Technik-Training<\/li>\n<li>Material-Beratungen (Laufschuhe und funktionelle Bekleidung)<\/li>\n<li>Erstellung individueller Trainingpl\u00e4ne<\/li>\n<li>Durchf\u00fchrung von Laufworkshops<\/li>\n<li>Betreuung vor und w\u00e4hrend des Wettkampfs<\/li>\n<\/ul>\n","protected":false},"excerpt":{"rendered":"<p>Ihr Unternehmen hat ein Lauftreff oder Sie planen die Teilnahme an einer Firmenlauf-Wettbewerb (z.B. JPMCC, Marathon-Staffeln), ich unterst\u00fctze Sie um Ihre Ziele zu erreichen: Laufanalyse Technik-Training Material-Beratungen (Laufschuhe und funktionelle Bekleidung) Erstellung individueller Trainingpl\u00e4ne Durchf\u00fchrung von Laufworkshops Betreuung vor und w\u00e4hrend des Wettkampfs<\/p>\n","protected":false},"author":1,"featured_media":0,"parent":0,"menu_order":0,"comment_status":"closed","ping_status":"closed","template":"","meta":{"footnotes":""},"_links":{"self":[{"href":"http:\/\/draussen-im-taunus.de\/index.php?rest_route=\/wp\/v2\/pages\/18"}],"collection":[{"href":"http:\/\/draussen-im-taunus.de\/index.php?rest_route=\/wp\/v2\/pages"}],"about":[{"href":"http:\/\/draussen-im-taunus.de\/index.php?rest_route=\/wp\/v2\/types\/page"}],"author":[{"embeddable":true,"href":"http:\/\/draussen-im-taunus.de\/index.php?rest_route=\/wp\/v2\/users\/1"}],"replies":[{"embeddable":true,"href":"http:\/\/draussen-im-taunus.de\/index.php?rest_route=%2Fwp%2Fv2%2Fcomments&post=18"}],"version-history":[{"count":5,"href":"http:\/\/draussen-im-taunus.de\/index.php?rest_route=\/wp\/v2\/pages\/18\/revisions"}],"predecessor-version":[{"id":52,"href":"http:\/\/draussen-im-taunus.de\/index.php?rest_route=\/wp\/v2\/pages\/18\/revisions\/52"}],"wp:attachment":[{"href":"http:\/\/draussen-im-taunus.de\/index.php?rest_route=%2Fwp%2Fv2%2Fmedia&parent=18"}],"curies":[{"name":"wp","href":"https:\/\/api.w.org\/{rel}","templated":true}]}}